re the prime factors of m?
3, 281
Suppose 5*l = 4*b - 64352, -22*b = -17*b - 2*l - 80457. What are the prime factors of b?
7, 11, 19
What are the prime factors of (16 - (13 + -11)) + 23?
37
List the prime factors of (-403618)/(-20) - (3/70 - 17/119).
3, 7, 31
Let p(r) = -r**3 - 7*r**2 - 9. Let u be p(-8). Suppose -11*i - 421 = 85. Let n = u + i. List the prime factors of n.
3
Let w = 26491 + -17101. List the prime factors of 2 + (-6)/(-4)*w/45.
3, 5, 7
Suppose 30157 + 52816 = 14*u + 9123. List the prime factors of u.
5, 211
Let b(r) = -11*r + 255. Let c be b(17). Suppose 5*j = 69*u - c*u - 770, -4*j = -5*u + 3745. What are the prime factors of u?
5, 149
Let n be 6*1/(15/100). Let h = n - 37. Suppose -4*w + 2*w = 3*g - 173, -124 = -2*g + h*w. List the prime factors of g.
59
Let a = 706 - 365. Let q be a/(-1) + (-1)/(1/2). Let o = 491 + q. What are the prime factors of o?
2, 37
Suppose 2*c = b - 211, -5*c + 9 + 1 = 0. Let w = 261 - b. List the prime factors of w.
2, 23
Suppose -30*a + 16*a = -32676. What are the prime factors of a?
2, 3, 389
Let k = 223 - 221. Suppose -s - 4535 = -5*a + 2*s, 5*a + k*s - 4535 = 0. What are the prime factors of a?
907
Suppose -3*h = -7*h + 4. Suppose 5*d = -3*z - 267, -2*d = 3*z + 167 + 91. List the prime factors of (-18)/6 - (-3 + h + z).
83
Let w(x) = -14*x + 34. Suppose 3*f - 21*f - 396 = 0. What are the prime factors of w(f)?
2, 3, 19
Let u(s) = -11*s - 8. Let g be u(-4). Let p = 3 + -5. List the prime factors of (-2)/g*-302 - p/9.
17
Let h = 58 - 56. Suppose 7*z - h*z = 20. Suppose 0 = -5*p + 3*l + 159, -70 = z*p - 5*l - 192. What are the prime factors of p?
3, 11
What are the prime factors of (-199 - -643)*643/12?
37, 643
Suppose 0 = -15*y - 14805 + 45675. List the prime factors of y.
2, 3, 7
Let c(r) = -r**2 + 7*r + 10. Let d be c(8). Suppose 4*f - d*q = 64, -7*f + 36 = -3*f + 5*q. Suppose -10*y + f*y - 448 = 0. List the prime factors of y.
2, 7
Suppose 17*y = 105172 + 204942. What are the prime factors of y?
2, 7, 1303
Let a(g) = g + 1. Let h(b) = -3*b + 3. Let m(c) = -2*a(c) - h(c). Let u be m(3). What are the prime factors of -19*(-3 + 0) + u?
5, 11
Let s(m) = 7*m**2 + 89*m - 25. Let w be s(-13). List the prime factors of (-112 - -114) + w*632.
2, 317
Suppose -95 + 23 = -6*l. Suppose -155 = -3*k + 4*q, -3*q - 3 = l. What are the prime factors of k?
3, 5
Suppose -3*k + 84*t - 80*t + 164480 = 0, 4*k - t - 219324 = 0. List the prime factors of k.
2, 23, 149
Suppose 34*u - 569753 - 74018 + 150329 = 0. What are the prime factors of u?
23, 631
Let b = 74 - 72. Suppose -4*k = 2*g + 8, b*k + 2 + 2 = 4*g. Suppose g = 4*u - 90 - 126. What are the prime factors of u?
2, 3
Let u = -24730 + 63449. List the prime factors of u.
31, 1249
Suppose -10*s + 7*s = 111. Let j = s - -9. Let t = 1 - j. List the prime factors of t.
29
Suppose -3*h + 28 = 4*h. Let u(i) = -2*i**2 + 4*i + 36. Let x(q) = q**2 - q - 12. Let s(d) = 3*u(d) + 10*x(d). List the prime factors of s(h).
2, 3, 5
Let j be (15/5)/(3/12). Suppose j*t = -5*t + 16116. What are the prime factors of t?
2, 3, 79
What are the prime factors of (2*(-381)/(-12))/(23/1426)?
31, 127
Let g = -366 - 181. Let y = -386 - g. List the prime factors of y.
7, 23
Let u = 12 - -38. Let o be 4*1/(-9) - 15554/(-126). Let x = o - u. What are the prime factors of x?
73
Let r = 67 - 90. Let x = 28 + r. Suppose x*a - 3*a - 276 = 0. List the prime factors of a.
2, 3, 23
Suppose -7*d + 0*d = 4*d - 19789. List the prime factors of d.
7, 257
Let r(s) be the second derivative of 0 + 11*s + 2/3*s**3 + 31/2*s**2. List the prime factors of r(7).
59
Suppose 90*y - 5*l = 95*y - 19285, l + 7720 = 2*y. What are the prime factors of y?
17, 227
Let w = -35 - -40. Suppose -5*x = -5*a + w, -a = x - 1 + 4. List the prime factors of x/(-6) - -1 - 754/(-6).
127
Suppose -6*t + 40738 = -222356. What are the prime factors of t?
13, 3373
Suppose -10*t + 2 - 2 = 0. Let l be (t + 35)*12/30. Suppose o = -5*x + l + 36, -4*o + 108 = -3*x. List the prime factors of o.
2, 3, 5
List the prime factors of 9/(3/(-978)*1)*(-1692)/188.
2, 3, 163
Let x(c) be the second derivative of -c**5/20 + 5*c**4/12 + c**3/6 - 15*c**2/2 - c. Suppose -28 = 6*w - 4. List the prime factors of x(w).
5
Let b = 12481 - 5645. List the prime factors of (-96)/(-624) - (2 + b/(-13)).
2, 131
Suppose 3*w - 2 = -3*k + 4*w, -3*k - 3*w + 18 = 0. Suppose 3*y + 2*x - 71 = 0, 0 = -6*y + k*y - 4*x + 100. What are the prime factors of 0*(1 - 0) - (-62 - y)?
83
Let n(r) = 20*r**2 - 2*r + 1. Suppose 7*u - 19 = -5. Let f be n(u). Let q = f - -6. List the prime factors of q.
83
Let f = 3487 + -2213. Suppose 3*n + 2*m = f, n - m = 4*m + 419. Suppose 4*p - 420 = -4*i, -4*p = 4*i - p - n. What are the prime factors of i?
109
Let w = -482 + 4306. Suppose 4*x + 3*j = 5103, 3*x + 14*j - 15*j = w. List the prime factors of x.
3, 5, 17
Let g(s) be the third derivative of 0*s + 20*s**2 + 0*s**3 + 0 - 1/12*s**4 + 1/120*s**6 + 0*s**5. List the prime factors of g(4).
2, 7
Let z = -25512 + 36108. Suppose 0 = -121*k + 109*k + z. List the prime factors of k.
883
Suppose -2*w = 2*y - 5514 - 8312, 34610 = 5*w - 4*y. What are the prime factors of w?
2, 3, 1153
What are the prime factors of (((-362370)/80)/((-39)/26))/(1/16)?
2, 47, 257
Suppose -18*g - 191 = -8255. Suppose 4*l + g - 1304 = 0. What are the prime factors of l?
2, 107
Let h(g) = 4254*g - 3814. List the prime factors of h(9).
2, 31, 139
Suppose 26*p - 40*p = -85890. What are the prime factors of p?
3, 5, 409
Let a be 7 + (-2 - (3 - 5)). Suppose -9*f - 30 = -a*f + 5*t, 3*f + 2*t + 56 = 0. List the prime factors of 8/f + (-337)/(-5).
67
Let l = -6630 + 18426. List the prime factors of l.
2, 3, 983
What are the prime factors of (57/(-114))/((-4)/235064)?
29383
Suppose -6*r + 54 = 12*r. Suppose 4*v - 1810 = -8*z + 3*z, r*z + 4*v - 1094 = 0. What are the prime factors of z?
2, 179
What are the prime factors of (-1202)/(-2) - (122 - 113)?
2, 37
Let x be (-2)/6 - ((-16)/12 - 2). Suppose x*g + 8 = 35. Suppose 4*y - g*y = -200. What are the prime factors of y?
2, 5
Let k = 429 - 429. Suppose 35*t - 3527 + 1007 = k. What are the prime factors of t?
2, 3
Suppose -807 = 7*f - 2606. What are the prime factors of f?
257
Suppose 0 = -4*n + 20, 2*u - 4*n = 7*u - 10605. Suppose -3*t - 5*f + 2129 = 0, f = -3*t - f + u. What are the prime factors of t?
19, 37
Let s(k) be the second derivative of -5*k**3/2 + 75*k**2/2 - 10*k + 10. List the prime factors of s(-27).
2, 3, 5
What are the prime factors of (-13)/(-2)*-50*(-6 + 1)?
5, 13
Let l be 1 + 9/(-8) - (-495)/120. Suppose 6*p - l*p + 2382 = 5*j, 0 = 5*j + 2*p - 2398. List the prime factors of j.
2, 239
Let t = -35 + 38. Suppose t*d - 3*m - 9 = -0*m, 4*d - 5*m - 10 = 0. Suppose b - 101 = d*a, -4*b + 0*b + 3*a = -319. List the prime factors of b.
2, 19
Suppose -288729 = -384*r + 375*r. List the prime factors of r.
7, 4583
Let a = 53 - 50. Suppose 0 = -4*m - 12, 8*o - a*o - 950 = 5*m. Suppose 3*z + o = -5*h + 1019, -660 = -4*h - z. List the prime factors of h.
2, 41
What are the prime factors of (-26)/(-195) - 336596/(-30)?
2, 3, 5, 11, 17
Suppose -3*f + 15 = 0, 2*b - 11 = 18*f - 17*f. Suppose -5923 + 539 = -b*j. What are the prime factors of j?
673
Suppose 37*k - 30 = 27*k. Let o(z) = 36*z**3 + z**2 + 3*z + 4. List the prime factors of o(k).
2, 7, 71
List the prime factors of (-9 - 6723/(-36))/((-5)/(-880)).
2, 3, 11, 79
Let p = -341 - -108. Suppose -40*n + 36*n + t - 14 = 0, -2*n = -2*t + 4. What are the prime factors of (-1 - p) + n + 3?
3, 7, 11
Let u(x) = x**2 + 37*x + 1990. Suppose -2*o - 16*f = -14*f, -3*f = -5*o. What are the prime factors of u(o)?
2, 5, 199
Let k(t) = -2*t**2 + 26*t + 4. Let f be k(13). Suppose 5*x - f*c - 33 = 0, -5*x + 0*c + 2*c + 29 = 0. Let z(h) = 22*h + 28. What are the prime factors of z(x)?
2, 3, 23
Let p = 20220 + -7214. List the prime factors of p.
2, 7, 929
Let c = 514 - 913. What are the prime factors of (11/4)/(-3 - c/132)?
11
Let u = 310 - -1832. Suppose 780 = -2*d + u. List the prime factors of d.
3, 227
Suppose -31685 = 3*w + 3*z - 157151, -5*w + 3*z + 209142 = 0. What are the prime factors of w?
2, 3, 6971
Suppose 802*b - 782*b - 38373 = 16727. What are the prime factors of b?
5, 19, 29
Let n = 13 + -13. Suppose 3*a + 0*a - 3*u - 423 = n, -2